 prime factors of 2081239138.
2, 11, 19, 1399, 3559
What are the prime factors of 58577473?
79, 163, 4549
What are the prime factors of 149446732?
2, 23, 70627
What are the prime factors of 743415307?
743415307
List the prime factors of 3625618451.
7, 13, 39841961
List the prime factors of 12582416.
2, 7, 11, 1459
List the prime factors of 6033370237.
6033370237
What are the prime factors of 6915195418?
2, 59, 211, 277741
What are the prime factors of 39618203?
39618203
What are the prime factors of 1717229936?
2, 107326871
What are the prime factors of 77615073?
3, 8623897
List the prime factors of 194362524.
2, 3, 29, 62057
What are the prime factors of 56356176?
2, 3, 233, 5039
List the prime factors of 5468402.
2, 2734201
List the prime factors of 128209518.
2, 3, 1279, 5569
What are the prime factors of 37935061?
37935061
What are the prime factors of 117879419?
7, 16839917
What are the prime factors of 35883159?
3, 13, 41, 22441
What are the prime factors of 65894555?
5, 13178911
List the prime factors of 301574403.
3, 13, 19, 135661
What are the prime factors of 8448542?
2, 41, 197, 523
List the prime factors of 385425543.
3, 41, 3133541
List the prime factors of 4249905794.
2, 3373, 629989
List the prime factors of 62017681.
11, 269, 20959
What are the prime factors of 125938581?
3, 223, 188249
What are the prime factors of 732638612?
2, 727, 251939
List the prime factors of 51075488.
2, 251, 6359
List the prime factors of 36393937.
41, 887657
List the prime factors of 51052679.
181, 282059
What are the prime factors of 94092701?
23, 83, 2143
List the prime factors of 281324426.
2, 140662213
List the prime factors of 188891613.
3, 20987957
List the prime factors of 1034175033.
3, 12767593
List the prime factors of 56253900.
2, 3, 5, 187513
List the prime factors of 851973313.
851973313
What are the prime factors of 50399094?
2, 3, 83, 101203
What are the prime factors of 139564543?
17, 2111, 3889
What are the prime factors of 3064607145?
3, 5, 31, 101, 21751
List the prime factors of 839229648.
2, 3, 17483951
List the prime factors of 24816985.
5, 53, 71, 1319
What are the prime factors of 52231503?
3, 149, 116849
What are the prime factors of 1122105367?
4133, 271499
List the prime factors of 73801799.
73801799
List the prime factors of 88206907.
67, 229, 5749
What are the prime factors of 170733312?
2, 3, 17, 1453
List the prime factors of 12364005.
3, 5, 29, 43, 661
What are the prime factors of 314213428?
2, 109, 577, 1249
What are the prime factors of 43088920?
2, 5, 7, 153889
List the prime factors of 213077180.
2, 5, 173, 61583
List the prime factors of 12849123.
3, 7, 12487
What are the prime factors of 60185863?
19, 547, 5791
What are the prime factors of 393471633?
3, 643, 203977
List the prime factors of 44153019.
3, 197, 2767
List the prime factors of 3974085972.
2, 3, 43, 67, 38317
List the prime factors of 32347482.
2, 3, 5391247
List the prime factors of 2618774372.
2, 2749, 238157
List the prime factors of 1841938588.
2, 7, 37, 1777933
List the prime factors of 48578164.
2, 911, 13331
What are the prime factors of 554565925?
5, 17, 47, 27763
What are the prime factors of 74638183?
331, 225493
List the prime factors of 323692636.
2, 139, 582181
List the prime factors of 193914912.
2, 3, 19, 41, 2593
What are the prime factors of 3024934106?
2, 1512467053
What are the prime factors of 7431657038?
2, 13, 21987151
List the prime factors of 23538648.
2, 3, 7, 140111
List the prime factors of 49011637.
49011637
List the prime factors of 45033693.
3, 15011231
What are the prime factors of 47782430?
2, 5, 29, 164767
List the prime factors of 3003523.
1091, 2753
List the prime factors of 1861232878.
2, 241, 271, 14249
List the prime factors of 6418879426.
2, 313, 521, 19681
What are the prime factors of 308312005?
5, 41, 1503961
List the prime factors of 416410542.
2, 3, 73, 316903
List the prime factors of 37361570.
2, 5, 29, 128833
List the prime factors of 52831802.
2, 26415901
List the prime factors of 3533233869.
3, 11, 5639, 6329
What are the prime factors of 15823436?
2, 3955859
What are the prime factors of 43759624?
2, 5469953
What are the prime factors of 4221703807?
71, 73, 337, 2417
List the prime factors of 257823796.
2, 64455949
List the prime factors of 229834379.
277, 829727
What are the prime factors of 9433726?
2, 23, 205081
What are the prime factors of 4688652458?
2, 7, 19, 17626513
What are the prime factors of 142079326?
2, 23, 53, 101, 577
List the prime factors of 15348368.
2, 7, 19577
What are the prime factors of 2632620769?
59, 1297, 34403
List the prime factors of 2823475995.
3, 5, 20914637
What are the prime factors of 1695612106?
2, 847806053
What are the prime factors of 1021246988?
2, 11131, 22937
List the prime factors of 190331295.
3, 5, 7, 11, 164789
What are the prime factors of 1379264576?
2, 263, 81943
List the prime factors of 157747132.
2, 37, 28807
What are the prime factors of 623575636?
2, 73, 2135533
What are the prime factors of 177422512?
2, 11088907
List the prime factors of 64242161.
101, 636061
List the prime factors of 59108286.
2, 3, 17, 367, 1579
List the prime factors of 1316320356.
2, 3, 13, 8437951
List the prime factors of 333289252.
2, 83322313
List the prime factors of 441134757.
3, 7, 37, 97, 1951
List the prime factors of 173538178.
2, 11, 7888099
What are the prime factors of 76485937?
11, 6953267
List the prime factors of 1840140996.
2, 3, 17, 79, 227, 503
List the prime factors of 2087999524.
2, 13, 23, 67, 71, 367
What are the prime factors of 245348304?
2, 3, 5111423
What are the prime factors of 295201976?
2, 2087, 17681
List the prime factors of 218489059.
103, 2121253
List the prime factors of 2270757538.
2, 7, 162196967
What are the prime factors of 70442704?
2, 4402669
What are the prime factors of 597113238?
2, 3, 2111, 47143
What are the prime factors of 51125720?
2, 5, 113, 11311
What are the prime factors of 6416376133?
19, 2917, 115771
List the prime factors of 19671219.
3, 61, 35831
What are the prime factors of 1100101683?
3, 366700561
List the prime factors of 1978245250.
2, 5, 61, 73, 1777
What are the prime factors of 381929068?
2, 2243, 42569
What are the prime factors of 1257648021?
3, 7, 31, 643957
What are the prime factors of 1960894266?
2, 3, 197, 1658963
List the prime factors of 307939266.
2, 3, 1129, 5051
List the prime factors of 1365022580.
2, 5, 68251129
What are the prime factors of 9190088?
2, 1148761
What are the prime factors of 857081531?
857081531
What are the prime factors of 41922945?
3, 5, 931621
What are the prime factors of 11136812?
2, 19, 29, 31, 163
What are the prime factors of 497494691?
16451, 30241
What are the prime factors of 3083765445?
3, 5, 22842707
List the prime factors of 1446180687.
3, 7, 19, 43, 28097
What are the prime factors of 92235008?
2, 360293
List the prime factors of 1111404605.
5, 6163, 36067
What are the prime factors of 327903381?
3, 13, 2802593
List the prime factors of 464331982.
2, 17, 2671, 5113
What are the prime factors of 1462409279?
41, 4651, 7669
List the prime factors of 84280125.
3, 5, 379, 593
What are the prime factors of 77203590?
2, 3, 5, 2573453
List the prime factors of 904181105.
5, 180836221
List the prime factors of 10077293.
10077293
List the prime factors of 1060336775.
5, 42413471
What are the prime factors of 69791841?
3, 7, 369269
What are the prime factors of 73465065?
3, 5, 1632557
List the prime factors of 129581463.
3, 11, 17, 19, 12157
What are the prime factors of 558313874?
2, 193, 1446409
What are the prime factors of 75514998?
2, 3, 13, 968141
List the prime factors of 108832487.
17, 376583
What are the prime factors of 363798482?
2, 181899241
What are the prime factors of 12463819?
1741, 7159
What are the prime factors of 456647081?
11, 17, 31, 37, 2129
What are the prime factors of 2211805879?
23, 449, 214177
What are the prime factors of 38896842?
2, 3, 37, 175211
List the prime factors of 569431309.
23, 24757883
List the prime factors of 227222442.
2, 3, 17, 247519
List the prime factors of 53851581.
3, 7, 499, 571
List the prime factors of 482145122.
2, 241072561
What are the prime factors of 148152069?
3, 13, 31, 40847
What are the prime factors of 170161